osite?
False
Is 373629299 composite?
True
Is 1040444441 a prime number?
False
Is 270537331 prime?
True
Is 230169547 a prime number?
False
Is 1145808031 prime?
True
Is 222922599573 prime?
False
Is 1061163733 composite?
True
Is 3072865793 prime?
False
Is 23088639083 a composite number?
False
Is 75302561137 prime?
False
Is 40208011 a composite number?
True
Is 60753212095 a prime number?
False
Is 16071861163 a composite number?
False
Is 1576511681 a prime number?
False
Is 132775051027 a composite number?
False
Is 5091282331 prime?
False
Is 5798533165 composite?
True
Is 46377343 a prime number?
False
Is 64783712527 a composite number?
True
Is 7104846349 composite?
True
Is 35789185153 a composite number?
True
Is 26698612537 prime?
False
Is 17822594899 composite?
True
Is 2873538935 composite?
True
Is 39971569 prime?
False
Is 147513941 a composite number?
True
Is 87205155857 a composite number?
True
Is 30328407101 a prime number?
True
Is 38028790743 prime?
False
Is 16627486103 prime?
True
Is 11121675203 a prime number?
True
Is 12944209613 prime?
True
Is 25700673923 a composite number?
False
Is 4549028167 composite?
False
Is 1026243679 a prime number?
True
Is 2458912195 prime?
False
Is 10668435061 a prime number?
True
Is 450213349 prime?
False
Is 887256437 a prime number?
True
Is 727082689 a prime number?
True
Is 853702867 prime?
False
Is 6174806893 a prime number?
False
Is 16368012789 a composite number?
True
Is 23747368053 a composite number?
True
Is 75240577739 prime?
True
Is 37141043867 a composite number?
False
Is 10455474373 a composite number?
True
Is 56280439 a composite number?
False
Is 5573612603 a composite number?
True
Is 3225373159 a composite number?
False
Is 17819395193 a composite number?
False
Is 265870835 prime?
False
Is 296932280543 prime?
False
Is 691451363 composite?
True
Is 4540103329 prime?
True
Is 273479501 composite?
False
Is 94348954981 prime?
False
Is 5514025177 composite?
False
Is 1090782961 a prime number?
False
Is 7214099863 prime?
True
Is 15983556437 composite?
False
Is 26681443 prime?
True
Is 49563033491 prime?
True
Is 2344777585 a prime number?
False
Is 198760924823 a prime number?
True
Is 2089193851 a prime number?
False
Is 1622991197 prime?
True
Is 443011811 a prime number?
False
Is 1688901323 composite?
False
Is 27537911717 a prime number?
True
Is 127258606207 a composite number?
True
Is 25210157053 a composite number?
False
Is 5355291427 a prime number?
False
Is 26181335777 a prime number?
True
Is 3987289679 composite?
True
Is 9800227033 composite?
False
Is 134283857 composite?
False
Is 958665269 a composite number?
False
Is 4507185773 a composite number?
True
Is 10967136907 a prime number?
False
Is 1745317477 a prime number?
True
Is 73183796329 a composite number?
True
Is 354504821 a composite number?
True
Is 112365041021 composite?
False
Is 2696304707 composite?
False
Is 9374143477 composite?
False
Is 917673227 composite?
False
Is 6879256589 a prime number?
True
Is 4783496405 a prime number?
False
Is 2252588903 a prime number?
True
Is 19208323 a prime number?
True
Is 528316577 a composite number?
True
Is 257189374999 a prime number?
True
Is 11793648551 a prime number?
False
Is 795441341 prime?
False
Is 81314372701 prime?
True
Is 139793889979 composite?
False
Is 12793743253 composite?
False
Is 2503522811 a composite number?
False
Is 6986223761 composite?
True
Is 10882816177 composite?
False
Is 192878420741 a prime number?
False
Is 115667850821 a composite number?
False
Is 5268180101 a prime number?
True
Is 34188014351 a composite number?
True
Is 3102119485 composite?
True
Is 129565069043 a prime number?
False
Is 491747279 composite?
True
Is 6117441349 a composite number?
False
Is 50855841913 a composite number?
True
Is 1855865857 a composite number?
False
Is 2243593153 a prime number?
False
Is 17874704657 prime?
True
Is 238049269 a composite number?
True
Is 9057238213 a composite number?
True
Is 27815573935 a composite number?
True
Is 93010830121 prime?
False
Is 834148351 composite?
False
Is 887897441 composite?
False
Is 331928657 prime?
True
Is 8967277153 a prime number?
False
Is 1666359979 prime?
True
Is 2964066758 a prime number?
False
Is 1411109137 prime?
True
Is 249895909 composite?
True
Is 2778167689 composite?
True
Is 1362139397 composite?
False
Is 1416020699 a composite number?
False
Is 230399863 a composite number?
True
Is 1321601741 a prime number?
False
Is 2944131283 a composite number?
False
Is 41152891589 prime?
True
Is 218399317 a composite number?
False
Is 36185849059 composite?
False
Is 5656749647 composite?
False
Is 244409839163 a composite number?
True
Is 990132205 prime?
False
Is 120805680383 composite?
False
Is 463221791 prime?
True
Is 1413041627 a prime number?
True
Is 36542007829 a prime number?
True
Is 212978461 prime?
False
Is 6153075911 composite?
True
Is 421858967 composite?
False
Is 247677799 prime?
False
Is 2357180927 a prime number?
True
Is 88553107 composite?
False
Is 37832912953 composite?
True
Is 5013289123 prime?
True
Is 1450716661 a prime number?
False
Is 237405569 a prime number?
False
Is 22291387941 a composite number?
True
Is 5258696393 a prime number?
False
Is 12713979689 composite?
True
Is 669995583 a prime number?
False
Is 204175823 composite?
False
Is 107677931 composite?
True
Is 130839441521 a prime number?
False
Is 289891169 a composite number?
True
Is 4767027497 a prime number?
False
Is 72404136151 a prime number?
False
Is 163552769 prime?
True
Is 726709627 a composite number?
True
Is 68463927254 prime?
False
Is 416032703 prime?
False
Is 59838595951 composite?
False
Is 11896224107 composite?
True
Is 2852933987 a prime number?
True
Is 357184559 composite?
False
Is 714628877 prime?
False
Is 3209092897 prime?
False
Is 69065347594 a composite number?
True
Is 3146759851 composite?
False
Is 13417456277 a prime number?
True
Is 113453979073 composite?
False
Is 613601467 a prime number?
True
Is 968327119 composite?
True
Is 8590189117 a prime number?
False
Is 673289737 a composite number?
False
Is 9174288451 a prime number?
False
Is 6037358911 a prime number?
True
Is 7521477317 a prime number?
True
Is 283432951 composite?
True
Is 883667479 a prime number?
True
Is 203119117 prime?
True
Is 4847612663 composite?
True
Is 97429828147 a composite number?
False
Is 43343433613 prime?
True
Is 2382840469 prime?
False
Is 5812709029 composite?
False
Is 408066401 prime?
False
Is 90658048711 a composite number?
True
Is 79989587 a composite number?
True
Is 10512559766 a prime number?
False
Is 11706006953 a prime number?
True
Is 6560692423 prime?
True
Is 7162143073 a prime number?
True
Is 5092696573 composite?
True
Is 7727841577 a prime number?
True
Is 28572639841 composite?
False
Is 5699491153 prime?
True
Is 233778073 a prime number?
True
Is 3300943483 a composite number?
False
Is 65417831887 prime?
True
Is 6953738491 composite?
True
Is 18183401063 composite?
False
Is 998321029 composite?
True
Is 3667193435 a prime number?
False
Is 4773627433 prime?
True
Is 75624807107 prime?
True
Is 13818059657 a composite number?
True
Is 14239683233 a composite number?
False
Is 9686109809 a composite number?
True
Is 6067994371 composite?
True
Is 12810954047 prime?
False
Is 22757167579 a prime number?
True
Is 786073241 a prime number?
False
Is 2205508993 prime?
True
Is 4588261823 composite?
False
Is 15951231091 prime?
False
Is 122705786011 a prime number?
True
Is 542915719 a prime number?
False
Is 2939125249 a composite number?
True
Is 124282242467 a prime number?
True
Is 3003713849 composite?
False
Is 3050404409 a prime number?
False
Is 46557890338 prime?
False
Is 234050057 a prime number?
False
Is 18870136581 composite?
True
Is 4523361629 prime?
False
Is 2376166181 composite?
True
Is 22252663241 composite?
False
Is 605571613 prime?
False
Is 57630852358 prime?
False
Is 13659360733 a composite number?
False
Is 29353060799 prime?
False
Is 150441253 a composite number?
False
Is 142430062179 a composite number?
True
Is 14923233697 a composite number?
False
Is 1555898551 prime?
True
Is 24490831903 a prime number?
True
Is 63769245563 a composite number?
True
Is 156163499 composite?
True
Is 393599807 composite?
False
Is 69703410901 a prime number?
False
Is 2293729681 a composite number?
True
Is 936328093 composit